ctor of 277776?
True
Is 324 a factor of 18606069?
False
Is 234 a factor of 465685?
False
Does 798 divide 1189020?
True
Does 25 divide 440003?
False
Is 2726550 a multiple of 90?
True
Is 554 a factor of 6248012?
True
Is 61 a factor of 6034979?
False
Is 365160 a multiple of 20?
True
Is 212 a factor of 992671?
False
Is 26 a factor of 1531062?
True
Does 6 divide 620814?
True
Does 399 divide 218652?
True
Is 192 a factor of 7286784?
True
Does 61 divide 86681?
True
Is 382382 a multiple of 91?
True
Does 190 divide 493430?
True
Does 17 divide 4218108?
True
Is 21 a factor of 7279733?
False
Is 3502047 a multiple of 14?
False
Is 105696 a multiple of 96?
True
Does 47 divide 7410302?
True
Is 89 a factor of 348714?
False
Is 114597 a multiple of 17?
True
Is 169588 a multiple of 236?
False
Is 24824 a multiple of 5?
False
Is 2871584 a multiple of 8?
True
Is 7 a factor of 3205?
False
Does 930 divide 6727241?
False
Is 196702 a multiple of 11?
True
Is 5501575 a multiple of 22?
False
Is 26 a factor of 394368?
True
Does 26 divide 917123?
False
Does 403 divide 4648898?
False
Is 1348766 a multiple of 46?
True
Does 50 divide 3241589?
False
Is 290 a factor of 4671030?
True
Is 2673248 a multiple of 139?
True
Is 5 a factor of 9581?
False
Is 160640 a multiple of 220?
False
Is 171457 a multiple of 339?
False
Does 56 divide 372987?
False
Is 30800 a multiple of 10?
True
Is 15668254 a multiple of 7?
True
Is 23 a factor of 137372?
False
Is 27 a factor of 6086652?
False
Is 41 a factor of 1757096?
True
Is 24 a factor of 528751?
False
Is 9004787 a multiple of 15?
False
Is 38 a factor of 50616?
True
Is 20496 a multiple of 21?
True
Is 20 a factor of 446649?
False
Is 21996005 a multiple of 228?
False
Does 19 divide 117002?
True
Is 3447200 a multiple of 25?
True
Is 5 a factor of 61501?
False
Is 1622827 a multiple of 58?
False
Does 15 divide 2650698?
False
Is 1716399 a multiple of 938?
False
Is 239 a factor of 873067?
True
Does 31 divide 261640?
True
Is 46 a factor of 9479082?
True
Does 362 divide 1410352?
True
Does 64 divide 5911542?
False
Is 260 a factor of 2814760?
True
Is 4616995 a multiple of 41?
False
Is 8198 a multiple of 5?
False
Is 630 a factor of 80010?
True
Does 10 divide 13440?
True
Is 23456 a multiple of 4?
True
Is 1589008 a multiple of 16?
True
Is 44 a factor of 600398?
False
Is 71 a factor of 29361?
False
Does 6 divide 44046?
True
Does 5 divide 10991?
False
Is 1739624 a multiple of 101?
True
Does 16 divide 590672?
True
Does 41 divide 1219476?
False
Does 12 divide 2900036?
False
Is 1433 a multiple of 19?
False
Is 3 a factor of 9882?
True
Is 2 a factor of 1338926?
True
Does 21 divide 291606?
True
Is 289693 a multiple of 193?
True
Does 11 divide 54491?
False
Is 2712993 a multiple of 4?
False
Does 18 divide 14783?
False
Is 650 a factor of 6162414?
False
Is 63640 a multiple of 148?
True
Is 12386 a multiple of 117?
False
Is 1856819 a multiple of 250?
False
Is 220 a factor of 869665?
False
Does 12 divide 147383?
False
Does 43 divide 42332?
False
Is 27 a factor of 82748?
False
Is 479089 a multiple of 137?
True
Is 46 a factor of 1887012?
True
Is 5830 a multiple of 29?
False
Does 87 divide 999630?
True
Is 212976 a multiple of 8?
True
Is 35383 a multiple of 4?
False
Is 188369 a multiple of 43?
False
Does 27 divide 4457474?
False
Is 214508 a multiple of 94?
True
Is 3 a factor of 1881?
True
Does 561 divide 1600533?
True
Is 352042 a multiple of 318?
False
Does 335 divide 3891695?
True
Does 10 divide 59282?
False
Does 478 divide 2813986?
True
Is 37 a factor of 285500?
False
Is 27 a factor of 163107?
True
Does 454 divide 685994?
True
Is 6 a factor of 80112?
True
Does 197 divide 2601968?
False
Is 216 a factor of 8092777?
False
Is 2143293 a multiple of 59?
True
Is 1292 a multiple of 38?
True
Is 168657 a multiple of 328?
False
Is 68810 even?
True
Is 318600 a multiple of 590?
True
Does 643 divide 2354844?
False
Does 222 divide 2403115?
False
Does 49 divide 203595?
True
Is 7 a factor of 134141?
True
Does 31 divide 279895?
False
Is 151 a factor of 149605?
False
Is 221819 a multiple of 3?
False
Does 728 divide 315731?
False
Does 8 divide 745640?
True
Does 180 divide 10104224?
False
Is 25 a factor of 95825?
True
Does 3 divide 67158?
True
Is 115935 a multiple of 68?
False
Does 14 divide 30322490?
False
Is 1217047 a multiple of 2?
False
Is 153 a factor of 364446?
True
Is 32 a factor of 40288?
True
Does 91 divide 80455?
False
Is 107 a factor of 125618?
True
Does 31 divide 9633547?
False
Is 25 a factor of 20632065?
False
Is 2271972 a multiple of 59?
True
Is 5 a factor of 10017?
False
Is 33 a factor of 213015?
True
Does 37 divide 1517?
True
Is 435240 a multiple of 62?
True
Does 64 divide 166848?
True
Is 606 a factor of 4382778?
False
Is 39690 a multiple of 83?
False
Is 4955891 a multiple of 1200?
False
Does 134 divide 1153874?
True
Is 133588 a multiple of 91?
True
Is 631680 a multiple of 192?
True
Is 428821 a multiple of 5?
False
Is 3898824 a multiple of 130?
False
Does 6 divide 55842?
True
Is 19 a factor of 290396?
True
Is 109401 a multiple of 28?
False
Is 32 a factor of 263872?
True
Is 567 a factor of 7559811?
True
Is 10 a factor of 76730?
True
Is 29 a factor of 63626?
True
Is 20 a factor of 95282?
False
Is 5185529 a multiple of 8?
False
Is 55 a factor of 1530465?
False
Is 1857380 a multiple of 4?
True
Is 155 a factor of 3991411?
False
Does 80 divide 601760?
True
Is 884487 a multiple of 17?
False
Is 7059105 a multiple of 45?
True
Is 2 a factor of 27515?
False
Does 3 divide 16569?
True
Does 3 divide 107108?
False
Is 73150 a multiple of 110?
True
Does 153 divide 35809?
False
Is 71199 a multiple of 243?
True
Is 4 a factor of 2085922?
False
Is 173210 a multiple of 5?
True
Does 38 divide 7826635?
False
Is 7072192 a multiple of 538?
False
Does 50 divide 202450?
True
Is 159605 a multiple of 137?
True
Is 32 a factor of 158432?
True
Is 514962 a multiple of 201?
True
Is 5 a factor of 323889?
False
Is 106 a factor of 2308262?
False
Is 4 a factor of 617012?
True
Is 3365763 a multiple of 2?
False
Does 7 divide 617767?
False
Is 312 a factor of 1877061?
False
Does 2 divide 141447?
False
Is 323 a factor of 242243?
False
Is 110143 a multiple of 209?
True
Is 139 a factor of 5810200?
True
Is 66 a factor of 150480?
True
Is 167104 a multiple of 32?
True
Is 235 a factor of 738605?
True
Is 51835 a multiple of 14?
False
Does 434 divide 4226292?
True
Is 18585 a multiple of 15?
True
Is 17831846 a multiple of 278?
False
Is 72216 a multiple of 177?
True
Is 41 a factor of 66383?
False
Does 78 divide 2127918?
True
Is 4679113 a multiple of 12?
False
Is 58 a factor of 31735?
False
Is 941514 a multiple of 7?
True
Is 1155882 a multiple of 13?
True
Does 152 divide 1950008?
True
Is 329821 a multiple of 18?
False
Is 3 a factor of 22378?
False
Is 125127 a multiple of 198?
False
Does 32 divide 10051744?
True
Is 126 a factor of 2738484?
True
Is 92293 a multiple of 2?
False
Is 211 a factor of 5499125?
False
Does 71 divide 270013?
True
Does 29 divide 10034?
True
Does 20 divide 379223?
False
Is 379291 a multiple of 11?
True
Is 1023 a factor of 5700425?
False
Does 3 divide 99861?
True
Does 592 divide 394864?
True
Does 6 divide 304746?
True
Does 33 divide 219575?
False
Does 29 divide 671669?
True
Is 142623 a multiple of 395?
False
Does 45 divide 70532?
False
Does 293 divide 459131?
True
Is 10372492 a multiple of 1963?
True
Is 194 a factor of 739687?
False
Does 456 divide 242592?
True
Is 698627 a multiple of 147?
False
Does 9 divide 848899?
False
Does 93 divide 8742?
True
Is 1598351 a multiple of 380?
False
Is 158916 a multiple of 323?
True
Is 43 a factor of 452145?
True
Is 37120 a multiple of 8?
True
Is 105175 a multiple of 11?
False
Is 4114321 a multiple of 21?
False
Does 43 divide 258430?
True
Does 18 divide 1275767?
False
Is 38264 a multiple of 9?
False
Is 834704 a multiple of 104?
True
Is 394 a factor of 2083103?
False
Does 436 divide 1011520?
True
Does 4 divide 29119?
False
Does 168 divide 912705?
False
Is 333 a factor of 3925380?
False
Is 2924181 a multiple of 1053?
True
Is 114320 a multiple of 84?
False
Is 46 a factor of 731860?
True
Is 4518980 a multiple of 5?
True
Does 82 divide 9905724?
False
Is 1682532 a multiple of 243?
True
Is 115 a factor of 108445?
True
Does 28 divide 38783?
False
Is 95200 a multiple of 175?
True
Is 656 a 